highest common divisor of k and 140.
20
Let w = -228 - -235. Let p(q) = -33*q - 3. Let s be p(-2). What is the highest common divisor of w and s?
7
Let r(m) = 5*m + 108. Let h be r(-20). Calculate the highest common divisor of 4 and h.
4
Let u be 2/3*9/6. Let q = u - -7. Calculate the highest common factor of 16 and q.
8
Let l(g) = -g**2 + 11*g + 2. Let z be l(9). Calculate the highest common divisor of 10 and z.
10
Let q(s) = -s**2 + 13*s + 8. Let y be q(6). Suppose 29 = g - 0*g - 4*p, -p = -5*g + y. What is the greatest common divisor of 6 and g?
3
Let a = 6 + 0. Suppose -2*w + 17 = -5*t - 11, 0 = w + 4*t - 1. What is the greatest common divisor of a and w?
3
Let d be 381/12 + (-1)/(-4). What is the greatest common factor of 160 and d?
32
Let f = 68 + 22. Calculate the highest common divisor of f and 30.
30
Let o(d) = -d**2 + 6*d + 1. Let w be o(6). Let a = -12 - -21. What is the greatest common factor of w and a?
1
Let l(o) = 10*o**2 - o. Let r be l(1). What is the greatest common divisor of r and 27?
9
Suppose -5*x - 54 = -y, 30 = -3*x - 0*x + 3*y. Let b = 9 - x. Let f be 1 + (0 - (-29)/1). What is the greatest common factor of f and b?
10
Let o = -2 + 15. Let c = -71 + 162. What is the greatest common divisor of o and c?
13
Suppose 0*x = -9*x + 4950. Calculate the greatest common divisor of x and 50.
50
Let f(i) = i**2 - 6*i - 5. Let p be f(7). Suppose 5*h - 2*d - 15 = 0, p*d = -3*h + 18 + 7. What is the greatest common factor of 2 and h?
1
Suppose 0 = 5*m - 26 - 94. Suppose -3*j + 4*j - 5*l = m, 3*j = -3*l + 36. Calculate the greatest common factor of j and 154.
14
Let d be (6/(-5))/(5/(-350)). Let o be (-3)/(-2) + (-371)/(-14). What is the greatest common divisor of o and d?
28
Let q = -33 + 51. Calculate the highest common divisor of 198 and q.
18
Suppose -d = -3*d + 108. Suppose -3*s - 4*g = -34, -4*s + 5*g = -0*s - 4. Calculate the highest common factor of s and d.
6
Suppose n + 0 - 2 = 0. Suppose n*y - y = 2. Let b be 17 - (y - 1) - 2. Calculate the greatest common divisor of b and 56.
14
Suppose 0*i + 5*j = -4*i - 6, i - 3 = j. Let a be 0 - (1 - -2) - -2. Let x(u) = -3*u + 1. Let o be x(a). Calculate the highest common factor of o and i.
1
Let g(n) = -10*n + 2. Let f be g(-3). Let s be (-1)/(f/34 + -1). What is the greatest common factor of s and 17?
17
Let g be 0 - -6 - (5 - 4). Suppose 3*i - 2 = 2*i. Calculate the greatest common divisor of i and g.
1
Let p be (8/(-5))/(2/(-15)). Let f(y) = 130*y + 14. Let n be f(-4). Let g be n/(-6) - 4/12. Calculate the greatest common factor of p and g.
12
Let b(j) = j + 1. Let i(n) = n**2 + n - 15. Let q be 1/4 + 21/(-4). Let u(d) = q*b(d) - i(d). Let s be u(-7). What is the highest common factor of s and 3?
3
Let c be (5/15)/((-2)/6). Let p be (c - 7)/((-3)/6). What is the greatest common factor of 2 and p?
2
Suppose 0 = 7*w - 2*w - 45. Let k be (-346)/(-18) + (-2)/w. Suppose 3*p - k = 23. Calculate the highest common divisor of 112 and p.
14
Let j be 8/(-4) - (0 + -5). Let f be 10 - -1 - (j + -5). What is the greatest common factor of 117 and f?
13
Suppose 3*x - 3*y = 180, -2*x + 196 = 5*y + 55. Calculate the highest common divisor of x and 9.
9
Suppose 5 = u + c, 4*u - 6*u + 3*c = 0. Suppose 2 = -5*m - k, 0 = -6*m + u*m + k + 2. Let w = m + 5. What is the highest common factor of 5 and w?
5
Suppose 0 = f + 2*c - 4, -3*f - 13 = -4*c - 45. What is the highest common factor of 2 and f?
2
Suppose 0*z - 3*z = -180. What is the highest common factor of z and 15?
15
Let z = -13 + 18. Suppose 4*u + y = u + 100, -3*y - 15 = 0. What is the highest common divisor of z and u?
5
Let b be (4/(-10)*6)/((-8)/40). Calculate the highest common divisor of 36 and b.
12
Suppose 2*w - 6 = -2. Suppose -3*g - 9 = 3*u, 6*g - 2*g + 2*u = -10. Let j be (-4)/4 - g - -1. What is the highest common divisor of w and j?
2
Let t = -1 - -6. Suppose 5*r = -z - 4*z + 205, -2*z + r + 79 = 0. Calculate the greatest common divisor of t and z.
5
Suppose -55 = -0*t - 5*t. Suppose -2*d + 188 = -44. Let q be -3 + (d/2 - 0). Calculate the highest common factor of t and q.
11
Let r be (-160)/30*(-3)/2. Calculate the greatest common factor of r and 32.
8
Let f(y) = -21*y - 4. Let q be f(-4). Let b = -48 + q. Calculate the highest common divisor of b and 16.
16
Let t(p) = 5*p**2 - 2*p - 4. Let h be t(3). Suppose 3*s = -j + h, -2*s - j = -5*s + 25. What is the greatest common factor of s and 90?
10
Suppose 0*h + h = 4. Suppose -3*c = -2*c - 3. Suppose 2*j = c*a - 20, -a - 12 = -j + 5*j. Calculate the highest common factor of h and a.
4
Let s = 11 + -8. Let j = s - 1. Calculate the greatest common factor of j and 4.
2
Let l = 33 - 19. Let a(b) = -b**2 - 4*b + 7. Let r be a(-5). Suppose 196 = -0*m + r*m. Calculate the highest common divisor of m and l.
14
Let y(d) = d**3 - 6*d**2 - 4*d + 39. Let k be y(6). What is the highest common factor of k and 45?
15
Let y = 40 + -28. Let j = y + 51. Calculate the greatest common divisor of j and 21.
21
Suppose 2*o + 8 = 0, 0*m = -2*m - o + 16. Calculate the greatest common divisor of 15 and m.
5
Let d be (-5)/15 - ((-241)/3 - 1). Calculate the highest common divisor of 54 and d.
27
Let k be 20/8*(0 - -2). Suppose -504 = -4*p - t, 0 = k*p - 5*t + t - 630. What is the greatest common factor of p and 14?
14
Suppose z - b = 9, 4*b - 7 = 13. Let y(s) = 68*s**2 - s + 3. Let t be y(1). What is the highest common factor of t and z?
14
Let t(k) = 2*k**3 - 4*k**2 - 4. Let r be t(3). Let a(f) = -f**3 - 9*f**2 + 8*f + 15. Let x be a(-10). What is the highest common divisor of r and x?
7
Suppose 5*j = 4*j - 68. Let c = 46 - j. Suppose -c = -2*d - u, -u = -4*d + 2*u + 228. What is the greatest common divisor of d and 19?
19
Let d be ((-4)/5)/(1/(-5)). Suppose -2*n - 3*j - j = -d, 5*n = 2*j + 22. What is the highest common factor of n and 36?
4
Let g = 54 + 42. Calculate the highest common factor of 12 and g.
12
Let j = -3 + 4. Suppose 29 = 4*q + p + 7, 9 = q + 2*p. Calculate the highest common factor of j and q.
1
Suppose -3*a - q + 33 = 0, -a + 7*q - 3*q = -24. Let w(b) = 2*b - 3. Let d be w(3). What is the greatest common factor of d and a?
3
Let v be (1 - -1) + 8/1. Let r = 12 - v. Suppose -5*i = 5*d - 60, 9 = 3*d + r*i - 30. Calculate the greatest common factor of d and 10.
5
Suppose 2*d - 82 = -4*u, -2*u - 100 = -2*d - 0*u. Let f = -25 + d. What is the greatest common factor of f and 11?
11
Suppose -4*v = -5*v + 14. Let k be (-1)/(1 - 0) - 1. Let r = k + v. What is the greatest common factor of 36 and r?
12
Suppose 0 = -h + 5 - 1. Suppose 4*a = 5*n + 4, n - 1 = h*n - a. Suppose n*s = 3*s - 63. What is the greatest common divisor of s and 7?
7
Let f = -89 + 149. Suppose c = 2*l - 36, 5*l - 2*c + c - 96 = 0. What is the greatest common factor of f and l?
20
Suppose -m + 1 = -2. Suppose 5*l = -3*z - z + 75, m*z - 26 = -l. Let d = 93 - 38. Calculate the greatest common divisor of d and l.
11
Suppose -2*m - 6 = -g, 3*g - m + 15 = 4*g. Suppose -3*r = r - g. Suppose -2*n = -7*n - q + 92, 3*q = 2*n - 30. Calculate the highest common divisor of r and n.
3
Let c = -19 - -33. What is the highest common divisor of c and 42?
14
Let x(s) = 2*s**2 - 5*s. Let q be x(4). Calculate the highest common divisor of 60 and q.
12
Suppose 3*l - 9 = -i - 3, -3*i - l = -34. Let c = -90 - -174. What is the highest common factor of c and i?
12
Let k(y) = -8*y + 2. Let x be k(2). Let s = 29 + x. Let m be ((-126)/s)/((-9)/60). What is the highest common divisor of m and 8?
8
Suppose -2*j + 29 + 91 = -4*z, -4*j - z + 222 = 0. Let f be (96/j)/(2/7). Calculate the highest common divisor of 6 and f.
6
Let v(y) = -2*y**3 - 3*y**2 - 4*y - 9. Let t be v(-3). Let m be -15*(-3 - (2 - 0)). Calculate the highest common factor of m and t.
15
Let c be 2/8 + 477*(-5)/(-60). What is the greatest common divisor of c and 8?
8
Let q = -101 + 106. What is the highest common factor of 15 and q?
5
Let z(p) = p**3 - p**2 + 2*p - 1. Let a be z(1). Suppose -11 = -4*o + 17. What is the highest common factor of a and o?
1
Let h(i) = 3*i + 92. Let p be h(-8). What is the greatest common factor of p and 34?
34
Let o = 11 + -7. Let d be ((-68)/o)/(-1 + 0). Calculate the highest common divisor of 85 and d.
17
Let r be (1 - 2) + (-4)/20*-185. Calculate the greates